 2. Calculate the remainder when y is divided by w.
3
Let v(a) = -90*a + 2907. Suppose 96 = 12*q - 9*q. What is the remainder when q is divided by v(32)?
5
Suppose -11*r = -2*r. Suppose -7*w + 8*w - 1 = r, -5*w = -4*t + 95. What is the remainder when 174 is divided by t?
24
Let q(c) = c**2 + 14*c - 8. Let g be q(-12). Let s = 58 + g. Calculate the remainder when s is divided by 1/1 + 2 - (-22 - -19).
2
Let w = 2765 + -2621. Suppose -4*s = -c - 143, -3*s - 2*s + 210 = 5*c. Calculate the remainder when w is divided by s.
33
Suppose 0 = j - 7*j + 882. Suppose 0 = 12*k - j - 201. What is the remainder when 194 is divided by k?
20
Let t = 37080 + -34239. Calculate the remainder when t is divided by 63.
6
Suppose -j - 4*q = 4, -j - 19 = -q - 30. What is the remainder when 939 is divided by j?
3
Let c(i) = -i**3 + 5*i**2 - 85*i + 548. Calculate the remainder when 1687 is divided by c(6).
1
Suppose -8 = l - 3*l. Calculate the remainder when ((-26)/l - 4)*42/(-9) is divided by 4.
1
Let t(l) = 151*l**3 + 2*l**2 + l. Let x be t(-1). Suppose -11*k + 188 = -13*k. Let f = k - x. Calculate the remainder when f is divided by 29.
27
Let h = -396 - -766. Suppose -4*q = -5*k - 329, 5*q - k + 3*k - h = 0. Calculate the remainder when q is divided by 6.
4
Let l(f) = 3 + 87 - 28 - f. What is the remainder when l(-8) is divided by 38?
32
Let y(o) = 81*o + 806. Calculate the remainder when 249 is divided by y(-7).
10
Let b = 6255 + -6202. Calculate the remainder when 364 is divided by b.
46
Suppose -30 = -15*v + 12*v + 5*t, 0 = -4*v + 2*t + 54. What is the remainder when 363 is divided by v?
3
Suppose -3*b + 125 = 2*b. Let l(n) = 2*n - 16. Let s be l(-4). What is the remainder when (3 + -1)*(-876)/s is divided by b?
23
Let f = 410 - 422. What is the remainder when (f + -115)/(3/(-3)) is divided by 64?
63
Suppose 10*f = 6*f - 8, -434 = -2*g - 4*f. Suppose -484 = -15*s + g. What is the remainder when s is divided by 26 + -2 + 2 + -1?
22
Let v(n) = 4*n + 5 + 11*n**2 + 2*n**2 - 19*n + n**3. Let f be v(-14). Let l = f - 12. Calculate the remainder when 32 is divided by l.
4
Let a(f) = 12*f**2 - 2*f - 9. Let i be a(-4). Suppose -8 = 5*u - 3, 3*z - 3*u - 24 = 0. Suppose z*j - i = -23. Calculate the remainder when j is divided by 13.
11
Suppose 0 = -2*t, 3*t - 12 = -5*q + 3. Let m(l) = -l**2 - 101*l + 759. Calculate the remainder when m(7) is divided by q.
0
Suppose 0 = 3*k, 553 = 2*c - 4*k + 19. Let h = 280 + c. What is the remainder when h is divided by 25?
22
Suppose 5*h = 4*r + r - 15, 2*r = h + 3. Suppose 3*a + 76 - 598 = -3*n, 5*n - 3*a - 862 = r. Calculate the remainder when -27 - -28 - (0 - n) is divided by 44.
42
Let y = 3 + 15. Let a(g) = -6*g - 28. Let h be a(7). What is the remainder when y is divided by -2*1*(h/20 - 2)?
7
Let s(b) = 2*b**3 - 3*b**2 - 9*b + 22. Calculate the remainder when s(4) is divided by 24.
18
Let h = -109 - -98. Let m = 35 + h. Calculate the remainder when 72 - (0 + (-2)/(-2)) is divided by m.
23
Suppose 103 - 6 = d. Suppose 4*m = 3*p - d, 8*m = -2*p + 3*m + 57. Suppose -3*k + 5*o = -p, 3*o - 8 = k - 3*k. Calculate the remainder when 23 is divided by k.
2
Let x = -62 - -90. Let n(s) = -4*s - s**2 - 14 - 13 + x. Calculate the remainder when 20 is divided by n(-2).
0
Suppose -24 = 20*i - 23*i. Let h be 2/i - (-843)/(-12). What is the remainder when (-1170)/h + (-2)/(-7) is divided by 10?
7
Suppose -120 = -r - y, 3*r + 11*y - 12*y - 324 = 0. Suppose 27 + 4 = w. What is the remainder when r is divided by w?
18
Let k be 369 + (4 - (4 + 1)). Let i be k/64 + (-6)/8. Suppose -2*j - 36 = -i*j. Calculate the remainder when 20 is divided by j.
8
Let c(m) = 29*m**2 - 73*m + 36. What is the remainder when 3943 is divided by c(4)?
199
Let t be (-1 - (-26)/(-6))*(-105)/14. Suppose 46 = 2*r + t. Suppose r = -2*o + 5, 3*o = -2*p + 39. What is the remainder when 105 is divided by p?
15
Suppose 3*x + 3 + 9 = 0. Let b be -1*(x + 219/(-3)). Calculate the remainder when 12 is divided by (b/44)/(1/4).
5
Suppose -2*z - 105 = -5*z. Let a be (-9)/(-6) + (-6)/20*-15. Suppose -4*m - 3*g = -63, a*m - 4*g - 40 = m. What is the remainder when z is divided by m?
11
Let c be 99 + (-3 - -1) + -1. Let q = 105 - c. Calculate the remainder when 80 is divided by q.
8
Suppose 1574*k = 1613*k - 35412. Calculate the remainder when k is divided by 296.
20
What is the remainder when 56/42*27*1 is divided by (48/(-3))/(-4)*(-65)/(-20)?
10
Let k(j) be the first derivative of 4*j**3/3 - j**2/2 - 4*j + 2. What is the remainder when k(-4) is divided by (116 - 99) + 6/(-1)?
9
Suppose -3093 - 264 = -17*j + 1573. Calculate the remainder when j is divided by 37.
31
Let c = -113 - -197. Let t = -2884 - -2901. Calculate the remainder when c is divided by t.
16
Let l = -1 - -4. Let c = -558 - -604. Suppose -s + c = 5*a, -s - l*s + 59 = -5*a. Calculate the remainder when 41 is divided by s.
20
Suppose -13738 = -6*b - 2*v, -90*b + 91*b - 2257 = -5*v. What is the remainder when b is divided by 286?
4
Suppose -5*y + 31*y = 521066. Suppose -y = -16*t - 33*t. What is the remainder when t is divided by 3?
1
Let v(l) = 67*l**2 - 40*l - 70. What is the remainder when v(-2) is divided by 22?
14
Let i = -10 - -33. Suppose 4*v - 845 = 5*x - 620, -4*x = -v + 81. What is the remainder when v is divided by i?
22
Suppose 9*b - 6*b = 0. Suppose -m + b*m + 50 = 0. Calculate the remainder when m - -3 - (6 - 4) is divided by 18.
15
Let i be (-231)/(-132)*(-76 + 0). Let y = i - -179. What is the remainder when 319 is divided by y?
43
Suppose -3200 = -5*b - 2*g + 7*g, -3*b - g + 1936 = 0. Suppose 21*v = 7*v + b. Calculate the remainder when v is divided by (21/3 + -3)*6.
22
Let v = -2908 + 2934. What is the remainder when 852 is divided by v?
20
Let i = 132 - 281. Let k = 159 + i. Calculate the remainder when 98 is divided by k.
8
Suppose 6 - 26 = -2*c - 2*m, 3*c = 2*m + 10. Suppose c*h + 341 = -577. Let w = h + 286. What is the remainder when w is divided by 17?
14
Let g(u) = -u**3 + 10*u**2 - 22*u + 7. Let n be g(7). Suppose y - 3*b + b - 2 = n, 5 = y + b. Calculate the remainder when 19 is divided by y.
3
Let x = 8 - 4. Suppose t - x*j + 129 = 6*t, 2*t + 4*j = 42. Calculate the remainder when 3302/1016 - 211/(-4) is divided by t.
27
Let w(a) = 13*a**2 - 8. Let h be w(-6). Let m = h - 382. Calculate the remainder when m is divided by 38.
2
Let o be 4/(-6) + 143/39. Suppose y = -1, -23 + 8 = -4*i + o*y. Suppose -i*j - 50 = -6*j - 2*d, 4*j - 2*d = 90. What is the remainder when 78 is divided by j?
18
Suppose -12678*s = -12687*s + 2133. Let q = 58 - 28. Calculate the remainder when s is divided by q.
27
Suppose -412 - 1223 = -3*y. Suppose 9*d = 310 + y. Calculate the remainder when d is divided by 50.
45
Suppose 0 = -4*o + 374 - 70. Let p = 57 + -17. Calculate the remainder when 5/(30/o)*78/13 is divided by p.
36
Suppose 2*r + 2*g - 1438 = 0, 21*r - 2150 = 18*r + 4*g. Calculate the remainder when r is divided by 9.
7
Let t(f) = 5*f**2 + 13*f - 7. Let v(p) = p + 25 + p**2 - 51 + 26. Let g(i) = -t(i) + 6*v(i). Calculate the remainder when 43 is divided by g(8).
13
Let c(y) = 134*y - 10. Let f be c(-1). Let r = f - -145. Let x(h) = -2*h - 3. Calculate the remainder when x(-5) is divided by r.
0
Suppose -1491*v = -1499*v + 976. Calculate the remainder when 5731 is divided by v.
119
Suppose 0 = -7*z - 173*z + 67320. What is the remainder when z is divided by 13?
10
Let q be (-2*1 - -82)*-2. Let a = 279 + q. Let z(g) = -g**2 + 30*g + 1639. What is the remainder when a is divided by z(-28)?
14
Suppose 277 = o - 232. Suppose 7*s = 2*s - 2*h + o, s - 5*h - 91 = 0. What is the remainder when s is divided by 17 + 0*(4 - 45/10)?
16
Suppose -669 = j - 4*j. Let b = -1145539 + 1145615. Calculate the remainder when j is divided by b.
71
What is the remainder when (-90585)/1980*-6*2 is divided by 99?
54
Let j(t) = -t**2 + 11*t + 247. Suppose a = -l + 3*a + 4, 0 = -5*l + 3*a + 41. What is the remainder when j(-10) is divided by l?
7
Suppose 3*v = 2*a - 1401, 13*v - 15*v - 2814 = -4*a. Calculate the remainder when a is divided by 184.
153
Suppose -3*j + 3*b + 27 = -12, 4*j - 2*b - 56 = 0. Suppose 3608 + 937 = j*p. Calculate the remainder when p is divided by 81.
60
Suppose -m - 3 = -4*x, 3*m + 31 = -0*m + x. Suppose 2*z + 5*u - 39